 = 3*d, -4*t + 11 = -2*d - 5. Calculate the remainder when 21 is divided by ((-16)/t)/(2/(-6)).
5
Suppose -2*p = -58 + 144. Let k = 60 + p. What is the remainder when 32 is divided by k?
15
Let k(x) = 2*x - 5. Let u = -7 - -11. Calculate the remainder when 10 is divided by k(u).
1
Suppose 2*r = -3*r + 20. Suppose r*s = -s + 25. Suppose 5*v - 20 = 5*f, -5*v - s*f + 36 = -2*v. Calculate the remainder when 12 is divided by v.
5
Let i(o) = -39*o - 3. Let p = 70 + -59. What is the remainder when i(-2) is divided by p?
9
Let z be 2/(-3)*(2 - 5). Suppose -3*f + 15 = z*f. What is the remainder when (f/(-2))/(18/(-48)) is divided by 3?
1
Suppose y - 7 = -o + 3, 3*y = -2*o + 25. Suppose 6*h - 9 = 3*h. What is the remainder when y is divided by h?
2
What is the remainder when (3 - 1)*(-14)/(-4) is divided by (-5)/(-1) + 5 + -5?
2
Suppose -11 = -2*y - 3. Calculate the remainder when 13 is divided by y.
1
Suppose -2*f + 3*f - 120 = -4*l, -3*l + 3*f = -105. Suppose 2*o - 35 = p - 0*p, -3*o = 3*p - 48. What is the remainder when l is divided by o?
14
Let v = -14 + 8. Let r = -4 - v. Suppose -5*j - 2*o + 20 = 2*o, r*j - 21 = o. Calculate the remainder when 15 is divided by j.
7
Let o = 97 + -54. What is the remainder when o is divided by 9?
7
Let f(y) = y + 7. What is the remainder when 34 is divided by f(6)?
8
Let o = -5 + 13. Let d(v) = -v**3 + 7*v**2 + 10*v + 10. Let b be d(o). Calculate the remainder when 1 is divided by 22/b + (-18)/(-117).
0
Let k = 2 - -5. Let a be 49*4*1/(-2). Calculate the remainder when (-3)/12 - a/8 is divided by k.
5
Let h be 12/(-30) - 834/(-10). Let n = -24 + h. Calculate the remainder when n is divided by 20.
19
Let y(r) be the first derivative of -r**3/3 + 4*r**2 - 7*r + 1. Let h be y(7). What is the remainder when (3 - h) + (-4 - -6) is divided by 2?
1
Let l = 9 + -7. Suppose -4*r = -2*w - 16, -r + 11 = -2*w - l. Let a = 12 + w. What is the remainder when a is divided by 4?
2
Suppose -a - 5*v = 2*a - 281, -2*a = v - 199. Calculate the remainder when a is divided by 13.
11
Let m(u) = u**3 + 6*u**2 + 7*u - 1. Calculate the remainder when 10 is divided by m(-3).
0
Suppose 5*s - s - 4*h = 76, 3*h - 33 = -3*s. What is the remainder when 40 is divided by s?
10
Let h = -13 - -25. What is the remainder when 36 is divided by (39/h)/((-1)/(-4))?
10
Let s(d) = d**2 + 4*d + 5. Let m be 9/((18/(-4))/3). Let w be s(m). Suppose -w = -2*n + 13. What is the remainder when 58 is divided by n?
13
Let d be 21*-6*4/(-18). Let m = -20 + d. Calculate the remainder when 31 is divided by m.
7
Suppose 0 = -3*s - 2*x + 119, -2*x - 62 = -2*s + x. Let n(w) = 2*w**2 + w - 2. What is the remainder when s is divided by n(-3)?
11
Suppose -2*d + 34 = -4*y, 0*d = -3*d + 2*y + 43. Calculate the remainder when 62 is divided by d.
10
Calculate the remainder when 1 + (-13)/(13/(-30)) is divided by 16.
15
Let m(o) = -o**3 - 12*o**2 + 12*o - 15. Let l be m(-13). Calculate the remainder when 7 is divided by ((-5)/(l/(-2)))/(-1).
2
Let t(h) = 10*h - 4. Let p be t(-5). Let u = -36 - p. Suppose 2*q + 2*q = n - u, -105 = -5*n + 5*q. What is the remainder when 42 is divided by n?
20
Let t(a) = -a**2 + 5*a + 3. Let k be t(5). Suppose -k*b = 5 - 35. Suppose -60 = -5*s - b. Calculate the remainder when s is divided by 4.
2
Let h(z) = z**2 + z + 1. Let w be h(-2). Let g be (4/w)/((-6)/(-9)). Let b = 3 + g. Calculate the remainder when 14 is divided by b.
4
Suppose -28 + 8 = -2*r. What is the remainder when 28 is divided by r?
8
Let z = 4 + 4. Let i(c) be the second derivative of c**4/12 + c**3/2 + 3*c**2/2 - 2*c. What is the remainder when z is divided by i(-3)?
2
Let a = 113 + -105. Let h be (-1 + (-1)/2)*4. Let x(m) = -m**3 - 4*m**2 + 8*m - 1. What is the remainder when x(h) is divided by a?
7
Let m = -62 + 89. What is the remainder when 107 is divided by m?
26
What is the remainder when -4 + (-328)/(0 - 4) is divided by 27?
24
Suppose -5*x - 4*b = -120, 5*x - 3*b - 125 = -6*b. Calculate the remainder when x is divided by 15.
13
Let l be 6/(-8) + 1/(-4). Let r = l - -17. Suppose -44 - r = -5*b. Calculate the remainder when 34 is divided by b.
10
Suppose 0 = -3*a - 5*q + 115, -2*a + 3*q + 11 = -34. Suppose 5*s = 20, 0 = z + 2*s - s - 20. What is the remainder when a is divided by z?
14
Let l(f) = -f**3 - 6*f**2 + 2. Let r be l(-6). Suppose -r*t = o - 0*t + 1, -o + 2 = -t. Calculate the remainder when 1 is divided by o.
0
Let l(i) = i**2 - 5*i + 2. Calculate the remainder when 6 is divided by l(5).
0
Suppose 2 = 3*t - 5*f - 1, 5*f - 3 = 2*t. What is the remainder when 2 + (-12)/(-2) + 2 is divided by t?
4
Suppose c - x - 6 = 2*c, -x = -4. Let s be c/45 + (-490)/(-18). Suppose -3 + s = 4*q. Calculate the remainder when q is divided by 4.
2
Let d = -6 - -8. Let j(f) = 6*f + 6. Let b be j(6). Suppose 0*q + d*q = b. Calculate the remainder when q is divided by 11.
10
Let i(n) = -5*n**3 - n. Let g be i(-1). Suppose -17 = 5*k - g*k. Calculate the remainder when 49 is divided by k.
15
Let j = 0 + 8. Let i be (-42)/(1 - 6/4). Suppose -43 = -2*m + 3*w, -4*m + i = -2*w + 18. Calculate the remainder when m is divided by j.
6
Suppose 0 = -5*g, 0 = -0*n + 5*n - 3*g - 10. Let y(p) = 2*p + 1. Let j be y(1). Suppose 5*v - 6 = j*v. Calculate the remainder when v is divided by n.
1
Let s = 52 + -21. What is the remainder when s is divided by 8?
7
What is the remainder when 10 is divided by ((-12)/10)/((-90)/600)?
2
Let a = 4 + 2. Let c(r) = -6*r - 2. Let g(x) = 5*x + 2. Let z(n) = 3*c(n) + 4*g(n). What is the remainder when z(a) is divided by 4?
2
Let b(h) = 11*h**2 + 3*h - 4. Let n be b(3). Suppose 4*a + q - 188 = 0, 2*a = 2*q - 5*q + n. What is the remainder when a is divided by 12?
10
Let p = 13 + -9. Let d = -5 - -3. What is the remainder when 12 - (1 + d + 3) is divided by p?
2
Let f(m) = -m**2 + 11*m - 1. Calculate the remainder when 67 is divided by f(9).
16
Let x(k) be the second derivative of k**4/12 + 13*k**3/6 + 10*k**2 - k. Calculate the remainder when x(-14) is divided by 12.
10
Suppose 5*m - 3*m - 52 = 0. What is the remainder when m is divided by 9?
8
Suppose 460 = 5*n - 5*w, n + 2*w = -3*w + 116. Let x = -65 + n. Let z = 18 + -7. Calculate the remainder when x is divided by z.
9
Suppose 9*p - 4*p + 2*j = -38, -p + 6 = -3*j. Let a(r) = r**3 + 5*r**2 - 5*r. Let x be a(p). Calculate the remainder when 15 is divided by 3*(-1)/(x/16).
7
Let r be 9/(-6)*(-10 + 2). Suppose 3*x - 2*x - r = 0. What is the remainder when 35 is divided by x?
11
Let y(u) = u. Let q(h) = -7*h + 13. Let o(t) = -q(t) - 5*y(t). What is the remainder when 19 is divided by o(9)?
4
Let k(n) = 3*n**2 - 4*n - 2. Let f be (4 + -1)*(-10)/(-6). What is the remainder when k(f) is divided by 18?
17
Let m(o) = o**2 - 2*o - 4. Let c be m(3). Let u = 10 + c. Calculate the remainder when u is divided by 6.
3
Let b(s) = -s**2 + s. Let n(r) = r**3 + 2*r**2 - 4*r - 2. Let g(p) = 4*b(p) + n(p). What is the remainder when 20 is divided by g(3)?
6
Suppose -4*z + 0*z + 12 = 0. Suppose -b + 16 = -z. Calculate the remainder when 37 is divided by b.
18
Suppose 20 = 2*n + 2*n. Let h(l) = 4*l - 3. What is the remainder when 33 is divided by h(n)?
16
Let f(q) = 35*q**2 + 2*q + 1. Let j be (-1)/2*(-2 - -2). Suppose 2*i - a = 21 - j, -i - 3*a = -21. Calculate the remainder when f(-1) is divided by i.
10
Suppose -5 = 5*i - 5*q, -3*i + 3 = 2*i - 3*q. Let r(b) = b - 1. Let s be r(1). Calculate the remainder when 3/(-9)*(s + -15) is divided by i.
2
Suppose 4*g = 8, 2*g + 2*g + 379 = 3*w. What is the remainder when w is divided by 33?
30
Let j be -2*(-1)/(-1)*1. Let k be (-7)/j - (-2)/4. Suppose -4*b + 5*l + 22 = 6, 2*l = -k*b + 44. What is the remainder when 26 is divided by b?
8
Suppose -2*t = 2*i - 24, 3 = -i + 1. Calculate the remainder when 55 is divided by t.
13
Let g(c) = -c**2 + 9*c - 3. Calculate the remainder when 149 is divided by g(6).
14
Let c = -7 - 5. Let j = -8 - c. What is the remainder when j is divided by 3?
1
Suppose 0 = 4*a + 20, -5*a - 17 - 16 = -2*j. Calculate the remainder when ((-33)/(-9))/(2/6) is divided by j.
3
Let a = -27 - -28. Calculate the remainder when 3 is divided by a.
0
Let y = 83 + -68. Calculate the remainder when (-2)/(-2)*26 + 2 is divided by y.
13
Suppose 5*d - 107 - 3 = 0. What is the remainder w